ber?
False
Let c(s) = 11*s**2 + 13*s - 10. Let a(w) = 11*w**2 + 13*w - 11. Let t(m) = 2*a(m) - 3*c(m). Let b be t(-8). Is (-18)/6 + b/(-2) a prime number?
True
Suppose 0 = -11*s + 6*s + 71170. Suppose 5*g - 4*u - 21341 = 2*g, 0 = 2*g + 4*u - s. Is g prime?
False
Let s(k) = -32 - 3*k + 58 - 27 - k**2 - 4*k**3. Suppose -2*z - 2*m - 4 = m, 3*m = 0. Is s(z) a prime number?
False
Let z(c) = c**3 - 2*c**2 + 6*c - 7. Let t be z(2). Let d(g) = 32*g**2 + 6*g + 1. Is d(t) prime?
False
Let k(r) = 35*r**2 - 5*r. Let b be k(-7). Let q = -943 + b. Suppose 0*n - 3*n + q = 0. Is n a prime number?
True
Let b = -28663 + 47280. Is b prime?
True
Suppose 0 = 2*g + 2 - 0. Is (1 - 1403)/((3 - g) + -6) composite?
False
Let f = -592 - -1223. Is f prime?
True
Suppose -k = 4*k + 4*t + 100, -5*t = 25. Let g = 183 - k. Is g a prime number?
True
Let b(u) = -u**3 - 8*u**2 + 10*u + 15. Let h be b(-9). Let m(y) be the first derivative of y**4/4 + y**3/3 - 4*y**2 + 5*y - 3. Is m(h) a composite number?
True
Let x(u) = 83*u - 88. Is x(7) a prime number?
False
Let c be 0/(-1) + 1 + -2. Let x = c + 5. Suppose x*v + 2 + 6 = 0, -5*o + 1023 = -4*v. Is o a composite number?
True
Let w be (4091 - 1)*1 - 2. Suppose w + 1617 = 5*d. Is d composite?
True
Let b(s) = 1658*s**3 + 7*s**2 - 18*s + 7. Is b(2) a prime number?
False
Let j be 2 + 9 + -2 + 1. Is (-4)/(-5) + 12/j - -407 a composite number?
False
Suppose -3*g - 4*a + 12 + 0 = 0, -a = 0. Is (g*-2)/2 + 335 prime?
True
Suppose 3*l - 318 = -0*l. Suppose 0*z - 2*z + l = 0. Is z prime?
True
Let o(g) = 264*g**3 - 1. Let h = 34 + -27. Let a = h + -6. Is o(a) prime?
True
Suppose 0 = -o - 5*a + 17, -2*o + 5*a - 13 + 2 = 0. Suppose -7*t + 570 = -o*t. Suppose -6*i + t = -0*i. Is i composite?
False
Let n be (-6 - -3) + 3 + 167. Suppose -45 = 2*k - n. Let o = 104 - k. Is o prime?
True
Let n(x) = -4 - 7*x + 0 - 12*x**2 - 8*x + 0. Let p be n(-11). Let j = -900 - p. Is j prime?
False
Suppose 2*s = 2*f + 28, -4*s = -0*s + 2*f - 26. Let w be 165*(-1 - 15/s). Let b = 733 + w. Is b prime?
True
Let m = -22 + 20. Is ((-11)/(-44))/(m/(-536)) composite?
False
Let k = 28 + 1353. Is k prime?
True
Suppose 88*v = -5*v + 8714193. Is v composite?
False
Let n(t) = -8*t - 8. Let x be n(-4). Let w = 39 - x. Suppose w*j + 83 = 16*j. Is j a prime number?
True
Suppose 2*m + 23 - 185 = 0. Let w = 166 - m. Suppose 0 = g - 6*s + 3*s - 4, -5*g + 2*s + w = 0. Is g a composite number?
False
Suppose 0 = 2*r, -z - 5*r - 2046 = -12893. Is z prime?
True
Let i(k) = -633*k - 7. Let f = 43 + -45. Is i(f) prime?
True
Let x = 5 - 6. Let s be (2 + x)/((-2)/(-8)). Is ((-2238)/(-9))/(s/6) a composite number?
False
Let t(v) = -9*v**3 + 15*v**2 - v - 3. Is t(-7) composite?
True
Is 190/(-15)*354/(-4) a prime number?
False
Let z(v) = -75*v**3 - 4*v**2 + 6*v + 17. Is z(-8) a composite number?
False
Let d(o) = -o**3 - 12*o**2 - 21*o - 10. Let r be d(-10). Suppose 2*p + 5*v - 17 = r, -v - 3*v + 4 = 0. Is (-2721)/18*(p + -12) a prime number?
True
Is ((-7)/(70/(-40)))/((-4)/(-49057)) a composite number?
False
Suppose -4 = 10*y + 456. Let l be ((-27)/6)/(-3)*-2. Is 1 - (l + (y - 3)) a prime number?
True
Suppose 0 = -t - t + 88. Let w = 141 - t. Is w composite?
False
Let l be (-1)/(-2) + 10/(-4). Is 3*(l - ((-20)/6 + -1)) prime?
True
Suppose 4*z = 3*t + 62015, 56488 = 5*z + 3*t - 21024. Is z composite?
True
Let j = 23388 - 12787. Is j a composite number?
False
Let d(q) = 619*q**2 + 20*q + 32. Is d(-7) a composite number?
False
Let q(o) = -59*o**3 + 2*o**2 + 2*o - 2. Let g be q(-4). Is g/10 + 16/(-20) a composite number?
False
Suppose -s + 3*u + 97 = 3*s, -3*s - 2*u + 60 = 0. Is (-34)/187 - (-88818)/s composite?
True
Suppose 3*f - 5613 = 4*b, 5*b + 7017 = -0*f + 4*f. Let u = b + 2102. Is u composite?
False
Let y(u) = u**2 - 38*u + 177. Is y(40) composite?
False
Let f = -172 - -104. Is f*3*(-65)/60 prime?
False
Let r(n) = -2*n**3 + 9*n**2 - 64*n - 23. Is r(-12) a prime number?
False
Suppose 669 = 3*j + 213. Let s = j + -296. Let g = 237 + s. Is g a composite number?
True
Let k = 692 + 375. Is k composite?
True
Let s be (-204)/(-30) + -7 + 56/5. Is s/11 + (1 - -445) a composite number?
True
Is (-1487222)/(-110) - (-6)/(-5) composite?
True
Let n(j) = 2099*j + 311. Is n(4) composite?
False
Let u be 4*(-3)/30*-10. Suppose -u*p + 30 = p. Is (-38 + 4)*(-69)/p composite?
True
Let k(c) = 777*c**2 + 19*c - 11. Is k(3) a prime number?
True
Let i be (37/3)/(1/126). Suppose -224 - i = -2*v. Is v a prime number?
False
Let i(x) = -222*x + 6. Let h be i(-6). Is (h/(-4))/(-1 + 4/8) a composite number?
True
Suppose -10*p + 69750 = -216640. Is p prime?
False
Let n(s) = -2459*s - 233. Is n(-14) prime?
False
Let z(b) be the third derivative of -b**6/120 + b**5/60 + 2*b**3/3 - b**2. Let l be z(0). Suppose -993 = -l*x + x. Is x prime?
True
Suppose -5386 = 5*c + k - 503, 2*c + 3*k + 1961 = 0. Let s = -341 - c. Is s prime?
False
Suppose 50 = 3*d + 443. Let n = d + 576. Is n a composite number?
True
Suppose 8482 = 5*t + 2*x - 6511, -3*t + 3*x = -9000. Is t a composite number?
False
Let l(x) = x - 1285. Let b be l(0). Let r = 2694 + b. Is r a prime number?
True
Suppose -9*r = -7*r - 100. Suppose r = 2*n + 4. Is n composite?
False
Let a = -38485 + 71054. Is a a composite number?
False
Suppose 0*x - 2419 = -2*x + z, -4*z - 3616 = -3*x. Let l = x - 563. Is l prime?
False
Let p(z) be the second derivative of -z**5/20 + 2*z**4/3 + 5*z**3/3 + 3*z**2/2 - 4*z. Let l = 16 - 8. Is p(l) a composite number?
False
Suppose 3*i = -g + 7, -4*i + 3*g - 2*g + 21 = 0. Suppose u + k - 266 = 0, -4*u + 9*u - i*k = 1357. Is u a composite number?
False
Let d(n) = 43*n**2 - 8*n - 14. Let p be d(-13). Suppose -5*q = 4*o - 12279, p = 3*q + 6*o - o. Is q a prime number?
True
Let u(b) = -37*b - 163. Is u(-26) composite?
True
Suppose -4*z = s - 20, -5*s - z = -22 - 21. Let p(o) = 7 + 11 + 4*o**2 - 7 + 5*o. Is p(s) a composite number?
False
Is (-2)/(((-128)/(-64552))/(-8)) prime?
True
Suppose 0 = 2*v + 2, -3*i + 4*v = -0*v - 11503. Is i composite?
False
Suppose -3*v = v - 3*t - 15, 0 = -3*v - t + 8. Is (v/6)/(-1*2/(-5596)) composite?
False
Let u(r) = r**3 + 12*r**2 + 5*r - 18. Let a be u(-11). Suppose -705 = -3*b + a. Is b a prime number?
True
Let h(g) = g**3 + 10*g**2 + 2*g + 8. Suppose -2*m + m - 5 = 5*d, 4*m - 12 = -4*d. Let p = -7 + d. Is h(p) a composite number?
False
Let h(k) = 5*k**2 + 2*k + 3. Let r be h(-2). Let q be (-3 + r/(-3))*-24. Let v = q - 75. Is v a prime number?
True
Let r(c) = 9*c**2 - 15*c**2 + 4*c**2 + 11*c**2 + 53. Is r(22) a composite number?
False
Let x(l) = 37*l**2 + l. Let r be x(-1). Is 11*(r - (-1 - 0)) composite?
True
Let u be 4472/5 + 8/(-20). Suppose 2899 = 5*r + u. Is r prime?
True
Is (-2)/((-1)/((-153)/(-6))) prime?
False
Let d = -12 + 11. Let j(h) = -1036*h + 3. Is j(d) a composite number?
False
Let m be (-1)/4 - 42/(-8). Suppose 15 = 3*k - 5*x, k + 2*x = 2*k - m. Suppose -4*r + 9*r - 277 = 3*s, 0 = k*r + s - 261. Is r composite?
False
Let v be -2 + 197495/55 - (-2)/11. Suppose -9*z + v = -5204. Is z prime?
True
Let w = 5736 + -2231. Is w a composite number?
True
Suppose 1978*t - 99883 = 1971*t. Is t composite?
True
Let o be (-5 + -1)*(-4)/8. Suppose -k = 2*k - 24. Let l = o + k. Is l composite?
False
Let n = -96 - -99. Suppose 4659 = -4*w + 2*a + 16903, 3*w - n*a = 9183. Is w prime?
True
Suppose o - 4*n = 5*o - 1424, 4*o = -3*n + 1426. Is o a composite number?
True
Let w = 4579 + -8969. Let d = w + 6367. Is d a prime number?
False
Let u = -27 + 31. Suppose 213 = u*s - 1031. Is s prime?
True
Suppose 4*z + 3 = -17. Let v(m) = m**3 + 4*m**2 - 6*m + 5. Let x be v(z). Is (x/8)/(1/8) composite?
True
Suppose -3*w - w + 6084 = 4*a, 5*w = -5. Suppose a = -14*v + 15*v. Is v prime?
False
Suppose 2*a + 2*s = -134, 3*a + 117 + 79 = -4*s. Is ((-16392)/a)/(2/6) prime?
True
Suppose v - 4360 = -o, -o = -5*v - 5*o + 21798. Is v a prime number?
False
Let c(i) be the third derivative of i**5/60 - i**4/12 + 319*i**3/6 - 27*i**2. Let s be 4/2 - (-2 + 4). Is c(s) a prime number?
False
Suppose 5*f = 3088 + 15967. Let g = -1654 + f. Is g a prime number?
False
Suppose -6775 = -4*q + 3*n, -4*q + 11*n + 6777 = 6*n. Is q a composite number?
False
Let r(k) = 2*k**2 - k**2 + 10 + 0 + 13*k. Let l be (3 + 2)*(-9)/((-180)/(-64)). Is r(l) a composite 